4?
416600514
In base 8, what is -51640447 - -5?
-51640442
In base 16, what is 0 - -10eab37?
10eab37
In base 11, what is 4a39815 - 21?
4a397a4
In base 13, what is 1b758a0 - 4?
1b75899
In base 15, what is -8534a48 + 3?
-8534a45
In base 7, what is -10042340265 + -1?
-10042340266
In base 15, what is 18 + -aab34?
-aab1b
In base 16, what is -1870 + -8ee?
-215e
In base 15, what is 53 + -3e43a0?
-3e434c
In base 11, what is -1 - -1220917a?
12209179
In base 6, what is -53105 + 41222?
-11443
In base 11, what is 59 + 678177?
678225
In base 15, what is -8e9669 - 3?
-8e966c
In base 10, what is 5 - 6776173?
-6776168
In base 14, what is -157 + c70?
b17
In base 13, what is 7 - -36c2b4?
36c2bb
In base 3, what is 1120102120000 - 11221?
1120102101002
In base 12, what is 113b0 + 8b?
1147b
In base 3, what is 2212021 - -101200?
10020221
In base 11, what is -59726 - 57?
-59782
In base 10, what is 2 + -32567997?
-32567995
In base 9, what is -2365174 - 0?
-2365174
In base 11, what is 57665 + -2608?
55058
In base 16, what is 1 + ddd5749?
ddd574a
In base 14, what is -27 - 82d7?
-8320
In base 12, what is 112193 + 98?
11226b
In base 10, what is -1 + -842550?
-842551
In base 8, what is -6 + 71067032?
71067024
In base 5, what is 20101 - -11?
20112
In base 6, what is 331225532 - -3?
331225535
In base 8, what is 12 - -15311766?
15312000
In base 2, what is -11111000111111100100 - 100?
-11111000111111101000
In base 6, what is 0 - -314410532?
314410532
In base 16, what is -1b8cc - -14d?
-1b77f
In base 10, what is 14425 - -2801?
17226
In base 6, what is 31 - -440044141?
440044212
In base 12, what is -6 + -2121763?
-2121769
In base 4, what is -213200020201 - -1?
-213200020200
In base 11, what is 81 - -8176?
8247
In base 11, what is -2 - 81333379?
-81333380
In base 12, what is -1295 + -6553a?
-66813
In base 15, what is -b056330 - 0?
-b056330
In base 5, what is -2 + 3331432020?
3331432013
In base 13, what is 86c28c37 + 0?
86c28c37
In base 14, what is 5 + -ab8ca5?
-ab8ca0
In base 6, what is 55053 - -21132?
120225
In base 6, what is 3245124 + -4?
3245120
In base 9, what is 12575288 - 2?
12575286
In base 9, what is -1 + -125455586?
-125455587
In base 2, what is 1011000010101110101111 - -100?
1011000010101110110011
In base 14, what is 16b8d + -68?
16b25
In base 2, what is 1000110100100 - -10001000000?
1010111100100
In base 5, what is -4234102144 + -1?
-4234102200
In base 11, what is -5349876 + 0?
-5349876
In base 5, what is 0 + -34022010232?
-34022010232
In base 7, what is -33 - 63041?
-63104
In base 5, what is 2 + -141423003334?
-141423003332
In base 6, what is -413210 - 12503?
-430113
In base 12, what is -71 + -20514?
-20585
In base 16, what is 6 - -36db39?
36db3f
In base 9, what is -1 + -20401208?
-20401210
In base 8, what is -631 + 155163?
154332
In base 6, what is -515021300 + -15?
-515021315
In base 4, what is 1101 + -13213001?
-13211300
In base 9, what is -75647 + -313?
-76061
In base 3, what is 201012011122211 + 20?
201012011200001
In base 14, what is 93c19 - 1?
93c18
In base 6, what is -24 + -3534120133?
-3534120201
In base 5, what is 110113 + -13031401?
-12421233
In base 8, what is -4 + 70610746?
70610742
In base 9, what is -2766084 + 16?
-2766067
In base 16, what is -56cd3 + -6?
-56cd9
In base 15, what is 34 + -3b44e?
-3b41a
In base 4, what is -1133 - 1230300?
-1232033
In base 9, what is -3 - -72488704?
72488701
In base 10, what is -2 + 372907?
372905
In base 10, what is 1 + -63405669?
-63405668
In base 7, what is 5624 - -100523?
106450
In base 9, what is -4237183 - 2?
-4237185
In base 8, what is -117711310 - 4?
-117711314
In base 13, what is -234 - -543?
30c
In base 13, what is aa95b52 + -3?
aa95b4c
In base 8, what is 22300 + 242?
22542
In base 4, what is -11 + -23333331130?
-23333331201
In base 13, what is -28827c5 + 4?
-28827c1
In base 11, what is 34 - 177093?
-17705a
In base 9, what is -17800 - -60865?
42065
In base 13, what is -914 - -5caa?
5396
In base 3, what is -21212022020110001 - -12?
-21212022020102212
In base 3, what is 12211021 - -2100110112?
2120021210
In base 15, what is -2d626 - -249?
-2d3cc
In base 5, what is 300222211 - -4?
300222220
In base 5, what is -2131003243 + -4?
-2131003302
In base 6, what is -2504 - -34511120?
34504212
In base 13, what is -6 - -98bc5?
98bbc
In base 2, what is -1000011 - -10011000010111010010?
10011000010110001111
In base 3, what is 101 - 212202201010120?
-212202201010012
In base 13, what is 579833 - -c5?
579928
In base 15, what is 102c59 - -b?
102c65
In base 4, what is 210120331001 + -1132?
210120323203
In base 9, what is -580 - 74635?
-75325
In base 14, what is 7c2401 - -4?
7c2405
In base 5, what is -2133 + 10022402?
10020214
In base 11, what is 32979256 + -a?
32979247
In base 11, what is -1 + -53038526?
-53038527
In base 8, what is 3 + 23222163?
23222166
In base 13, what is 70 + -33833a2?
-3383332
In base 7, what is 5024 + 44?
5101
In base 13, what is -184159 - a0?
-184229
In base 15, what is -ac1e - -1393?
-987b
In base 9, what is -504 + -205683?
-206287
In base 7, what is 11315561 + -20?
11315541
In base 15, what is 2 - 26b609?
-26b607
In base 6, what is 121110222251 + -1?
121110222250
In base 5, what is 302432312 - 10?
302432302
In base 6, what is 3533351241 - -2?
3533351243
In base 8, what is 35372646 + -17?
35372627
In base 8, what is -442 + 6263?
5621
In base 13, what is 44b465 - -67?
44b4cc
In base 9, what is -34 + -11867748?
-11867783
In base 14, what is -1c9 + 1d9b1?
1d7c6
In base 4, what is 3323213312 + -23?
3323213223
In base 15, what is -731d7 - 214?
-733eb
In base 5, what is -10 + 102020223023?
102020223013
In base 5, what is -12 + -102123211424?
-102123211441
In base 10, what is 70 - 247162?
-247092
In base 5, what is -203043404 - 110?
-203044014
In base 9, what is 5 - 42232686?
-42232681
In base 14, what is 1 + 26157?
26158
In base 9, what is 12383241 - 272?
12382858
In base 9, what is 10418087 - 1?
10418086
In base 2, what is 1100101111110 - 1000?
1100101110110
In base 10, what is -1 + 3223831?
3223830
In base 5, what is -222 + -20404013?
-20404240
In base 2, what is 10000 - 100111001011011010111000?
-100111001011011010101000
In base 10, what is 648024350 + -5?
648024345
In base 3, what is -12202221012 + 1111120?
-12201102122
In base 12, what is 13a4 - -14928?
16110
In base 3, what is -20201211222101020 + -2?
-20201211222101022
In base 5, what is -2301 + 123104234?
123101433
In base 11, what is 12 - 318614?
-318602
In base 12, what is -1b18832 - 3?
-1b18835
In base 16, what is -17280 + -1f17?
-19197
In base 13, what is 298 + -80c81?
-809b6
In base 15, what is -2ee1 - -eb?
-2de5
In base 3, what is -112 - -22212221220?
22212221101
In base 6, what is 11 - -530220?
530231
In base 10, what is 2737 + 33299?
36036
In base 12, what is 12253b645 + -3?
12253b642
In base 8, what is 11071501 - 12?
11071467
In base 10, what is 121 - 36941?
-36820
In base 3, what is 12001011020 - -10222001?
12012010021
In base 14, what is -3610c - ad?
-361bb
In base 11, what is 79 + -697a9?
-69730
In base 12, what is 4382 - -278?
463a
In base 10, what is 15581001 - 6?
15580995
In base 4, what is -301203211 + -203200?
-302013011
In base 14, what is -3 - 3ba14c?
-3ba151
In base 13, what is 9591 + -6720?
2b71
In base 6, what is 45 + 43033515?
43034004
In base 15, what is 1ad6c4c - 2?
1ad6c4a
In base 6, what is 20213550002 + 0?
20213550002
In base 5, what is -3320012102 - 1?
-3320012103
In base 10, what is 2787913 - 219?
2787694
In base 3, what is -100002121202011 - 120?
-100002121202201
In base 11, what is -92a4 - -1993?
-7411
In base 11, what is -4 + -28015103?
-28015107
In base 15, what is 35e + -a670?
-a311
In base 5, what is -104402244214 + -3?
-104402244222
In base 4, what is 123232 - -20323210?
21113102
In base 6, what is 434553222 + 3?
434553225
In base 11, what is 7 + 454137?
454143
In base 16, what is -108 + 1b1691?
1b1589
In base 3, what is -21 - 202111021000?
-202111021021
In base 13, what is -1 + -17811612?
-17811613
In base 10, what is 1 - 1149941?
-1149940
In base 2, what is -101111101001111010011010 + 101?
-101111101001111010010101
In base 16, what is d2fe - -55b?
d859
In base 8, what is 10 - 162611066?
-162611056
In base 9, what is -4423 - -3243?
-1170
In base 16, what is 2 + -20092b?
-200929
In base 2, what is 1000 - -110111111